{"id":461,"date":"2016-03-31T16:04:22","date_gmt":"2016-03-31T16:04:22","guid":{"rendered":"http:\/\/wp.magnium-themes.com\/thebuilt\/thebuilt-1\/?page_id=461"},"modified":"2024-10-14T10:48:05","modified_gmt":"2024-10-14T10:48:05","slug":"our-services","status":"publish","type":"page","link":"http:\/\/pip-engineers.com\/?page_id=461","title":{"rendered":"NUESTROS SERVICIOS"},"content":{"rendered":"<div class=\"wpb-content-wrapper\"><p>[vc_row][vc_column width=\u00bb1\/3&#8243;]<style scoped='scoped'>.mgt-promo-block-47315338164.mgt-promo-block.darken .mgt-promo-block-content {background-color: rgba(10,10,10,0.3)!important;}.mgt-promo-block-47315338164.mgt-promo-block.animated:hover .mgt-promo-block-content {background-color: rgba(0,0,0,0.5)!important;}<\/style><div class=\"mgt-promo-block animated white-text cover-image text-size-normal darken mgt-promo-block-47315338164 wpb_content_element wpb_animate_when_almost_visible wpb_appear\" data-style=\"background-image: url(http:\/\/pip-engineers.com\/wp-content\/uploads\/2024\/09\/2.jpg);background-repeat: no-repeat;width: 100%; height: 220px;\"><div class=\"mgt-promo-block-content va-bottom\"><div class=\"mgt-promo-block-content-inside vc_custom_1727030396150\"><i class=\"fa fa-2 fa-building\"><!-- Icon --><\/i>\n<h3>ASESORIA<\/h3>\n<\/div><\/div><\/div>[vc_column_text css_animation=\u00bbleft-to-right\u00bb css=\u00bb.vc_custom_1728902499827{padding-top: 25px !important;padding-right: 25px !important;padding-bottom: 25px !important;padding-left: 25px !important;background-color: #f5f5f5 !important;}\u00bb]Asesoramos y ofrecemos consultor\u00eda, an\u00e1lisis de red el\u00e9ctrica, estudios de carga y a<span class=\"JsGRdQ\">uditorias en\u00e9rgeticas.<\/span>[\/vc_column_text][\/vc_column][vc_column width=\u00bb1\/3&#8243;]<style scoped='scoped'>.mgt-promo-block-47315338664.mgt-promo-block.darken .mgt-promo-block-content {background-color: rgba(10,10,10,0.38)!important;}.mgt-promo-block-47315338664.mgt-promo-block.animated:hover .mgt-promo-block-content {background-color: rgba(0,0,0,0.5)!important;}<\/style><div class=\"mgt-promo-block animated white-text cover-image text-size-normal darken mgt-promo-block-47315338664 wpb_content_element wpb_animate_when_almost_visible wpb_appear\" data-style=\"background-image: url(http:\/\/pip-engineers.com\/wp-content\/uploads\/2024\/09\/19.jpg);background-repeat: no-repeat;width: 100%; height: 220px;\"><div class=\"mgt-promo-block-content va-bottom\"><div class=\"mgt-promo-block-content-inside vc_custom_1727030402422\"><i class=\"fa fa-2 fa-home\"><!-- Icon --><\/i>\n<h3>DISENO DE PLANOS<\/h3>\n<\/div><\/div><\/div>[vc_column_text css_animation=\u00bbbottom-to-top\u00bb css=\u00bb.vc_custom_1728902527493{padding-top: 25px !important;padding-right: 25px !important;padding-bottom: 25px !important;padding-left: 25px !important;background-color: #f5f5f5 !important;}\u00bb]Dise\u00f1o de planos para edificaciones y proyectos residenciales, comerciales e industriales, con el dominio de normativas locales e internacionales.[\/vc_column_text][\/vc_column][vc_column width=\u00bb1\/3&#8243;]<style scoped='scoped'>.mgt-promo-block-47315338634.mgt-promo-block.darken .mgt-promo-block-content {background-color: rgba(10,10,10,0.38)!important;}.mgt-promo-block-47315338634.mgt-promo-block.animated:hover .mgt-promo-block-content {background-color: rgba(0,0,0,0.5)!important;}<\/style><div class=\"mgt-promo-block animated white-text cover-image text-size-normal darken mgt-promo-block-47315338634 wpb_content_element wpb_animate_when_almost_visible wpb_appear\" data-style=\"background-image: url(http:\/\/pip-engineers.com\/wp-content\/uploads\/2024\/09\/18.jpg);background-repeat: no-repeat;width: 100%; height: 220px;\"><div class=\"mgt-promo-block-content va-bottom\"><div class=\"mgt-promo-block-content-inside vc_custom_1727030413539\"><i class=\"fa fa-2 fa-hospital-o\"><!-- Icon --><\/i>\n<h3>INSTALACION<\/h3>\n<\/div><\/div><\/div>[vc_column_text css_animation=\u00bbright-to-left\u00bb css=\u00bb.vc_custom_1728902878316{padding-top: 25px !important;padding-right: 25px !important;padding-bottom: 25px !important;padding-left: 25px !important;background-color: #f5f5f5 !important;}\u00bb]Instalaci\u00f3n y montaje de equipos y materiales de BT, MT y AT con los m\u00e1s altos est\u00e1ndares de seguridad el\u00e9ctrica.[\/vc_column_text][\/vc_column][\/vc_row][vc_row][vc_column][vc_separator][\/vc_column][\/vc_row][vc_row css=\u00bb.vc_custom_1459500649448{margin-bottom: 20px !important;}\u00bb][vc_column width=\u00bb1\/3&#8243;]<style scoped='scoped'>.mgt-promo-block-41315338664.mgt-promo-block.darken .mgt-promo-block-content {background-color: rgba(10,10,10,0.21)!important;}.mgt-promo-block-41315338664.mgt-promo-block.animated:hover .mgt-promo-block-content {background-color: rgba(0,0,0,0.5)!important;}<\/style><div class=\"mgt-promo-block animated white-text cover-image text-size-normal darken mgt-promo-block-41315338664 wpb_content_element wpb_animate_when_almost_visible wpb_appear\" data-style=\"background-image: url(http:\/\/pip-engineers.com\/wp-content\/uploads\/2024\/09\/22.jpg);background-repeat: no-repeat;width: 100%; height: 220px;\"><div class=\"mgt-promo-block-content va-bottom\"><div class=\"mgt-promo-block-content-inside vc_custom_1727030984101\"><i class=\"fa fa-2 fa-picture-o\"><!-- Icon --><\/i>\n<h3>MANTENIMIENTO<\/h3>\n<\/div><\/div><\/div>[vc_column_text css_animation=\u00bbbottom-to-top\u00bb css=\u00bb.vc_custom_1728902704482{padding-top: 25px !important;padding-right: 25px !important;padding-bottom: 25px !important;padding-left: 25px !important;background-color: #f5f5f5 !important;}\u00bb el_class=\u00bbthebuilt-textcolor-grey\u00bb]Predictivo, preventivo y correctivo. Pruebas y revisi\u00f3n de equipos, para la detecci\u00f3n y\u00a0 reducci\u00f3n de problemas\u00a0 en instalaciones el\u00e9ctricas[\/vc_column_text][\/vc_column][vc_column width=\u00bb1\/3&#8243;]<style scoped='scoped'>.mgt-promo-block-47315338964.mgt-promo-block.darken .mgt-promo-block-content {background-color: rgba(10,10,10,0.38)!important;}.mgt-promo-block-47315338964.mgt-promo-block.animated:hover .mgt-promo-block-content {background-color: rgba(0,0,0,0.5)!important;}<\/style><div class=\"mgt-promo-block animated white-text cover-image text-size-normal darken mgt-promo-block-47315338964 wpb_content_element wpb_animate_when_almost_visible wpb_appear\" data-style=\"background-image: url(http:\/\/pip-engineers.com\/wp-content\/uploads\/2024\/09\/8.jpg);background-repeat: no-repeat;width: 100%; height: 220px;\"><div class=\"mgt-promo-block-content va-bottom\"><div class=\"mgt-promo-block-content-inside vc_custom_1727030972894\"><i class=\"fa fa-2 fa-briefcase\"><!-- Icon --><\/i>\n<h3>SUMINISTROS<\/h3>\n<\/div><\/div><\/div>[vc_column_text css_animation=\u00bbbottom-to-top\u00bb css=\u00bb.vc_custom_1728902677426{padding-top: 25px !important;padding-right: 25px !important;padding-bottom: 25px !important;padding-left: 25px !important;background-color: #f5f5f5 !important;}\u00bb]Contamos con un amplia gama de proveedores y fabricantes de materiales y equipo en\u00a0 BT, MT y AT[\/vc_column_text][\/vc_column][vc_column width=\u00bb1\/3&#8243;]<style scoped='scoped'>.mgt-promo-block-47355338664.mgt-promo-block.darken .mgt-promo-block-content {background-color: rgba(10,10,10,0.38)!important;}.mgt-promo-block-47355338664.mgt-promo-block.animated:hover .mgt-promo-block-content {background-color: rgba(0,0,0,0.5)!important;}<\/style><div class=\"mgt-promo-block animated white-text cover-image text-size-normal darken mgt-promo-block-47355338664 wpb_content_element wpb_animate_when_almost_visible wpb_appear\" data-style=\"background-image: url(http:\/\/pip-engineers.com\/wp-content\/uploads\/2016\/03\/import_placeholder.png);background-repeat: no-repeat;width: 100%; height: 220px;\"><div class=\"mgt-promo-block-content va-bottom\"><div class=\"mgt-promo-block-content-inside vc_custom_1727030960263\"><i class=\"fa fa-2 fa-file-text-o\"><!-- Icon --><\/i>\n<h3>POR DEFINIR<\/h3>\n<\/div><\/div><\/div>[vc_column_text css_animation=\u00bbbottom-to-top\u00bb css=\u00bb.vc_custom_1459415359834{padding-top: 25px !important;padding-right: 25px !important;padding-bottom: 25px !important;padding-left: 25px !important;background-color: #f5f5f5 !important;}\u00bb]TheBuilt&#8217;s work includes commercial and retail banking projects, financial and investment facilities, corporate interiors, LEED Certified projects, amusement, data and call centers, seismic and building.[\/vc_column_text][\/vc_column][\/vc_row][vc_row][vc_column][vc_single_image image=\u00bb3167&#8243; img_size=\u00bbfull\u00bb css_animation=\u00bbappear\u00bb css=\u00bb\u00bb][\/vc_column][\/vc_row]<\/p>\n<\/div>","protected":false},"excerpt":{"rendered":"<p>[vc_row][vc_column width=\u00bb1\/3&#8243;][vc_column_text css_animation=\u00bbleft-to-right\u00bb css=\u00bb.vc_custom_1728902499827{padding-top: 25px !important;padding-right: 25px !important;padding-bottom: 25px !important;padding-left: 25px !important;background-color: #f5f5f5 !important;}\u00bb]Asesoramos y ofrecemos consultor\u00eda, an\u00e1lisis de red el\u00e9ctrica, estudios de carga y auditorias en\u00e9rgeticas.[\/vc_column_text][\/vc_column][vc_column width=\u00bb1\/3&#8243;][vc_column_text css_animation=\u00bbbottom-to-top\u00bb css=\u00bb.vc_custom_1728902527493{padding-top:&#8230;<\/p>\n","protected":false},"author":1,"featured_media":0,"parent":0,"menu_order":0,"comment_status":"closed","ping_status":"closed","template":"","meta":{"footnotes":""},"class_list":["post-461","page","type-page","status-publish","hentry"],"_links":{"self":[{"href":"http:\/\/pip-engineers.com\/index.php?rest_route=\/wp\/v2\/pages\/461","targetHints":{"allow":["GET"]}}],"collection":[{"href":"http:\/\/pip-engineers.com\/index.php?rest_route=\/wp\/v2\/pages"}],"about":[{"href":"http:\/\/pip-engineers.com\/index.php?rest_route=\/wp\/v2\/types\/page"}],"author":[{"embeddable":true,"href":"http:\/\/pip-engineers.com\/index.php?rest_route=\/wp\/v2\/users\/1"}],"replies":[{"embeddable":true,"href":"http:\/\/pip-engineers.com\/index.php?rest_route=%2Fwp%2Fv2%2Fcomments&post=461"}],"version-history":[{"count":22,"href":"http:\/\/pip-engineers.com\/index.php?rest_route=\/wp\/v2\/pages\/461\/revisions"}],"predecessor-version":[{"id":3207,"href":"http:\/\/pip-engineers.com\/index.php?rest_route=\/wp\/v2\/pages\/461\/revisions\/3207"}],"wp:attachment":[{"href":"http:\/\/pip-engineers.com\/index.php?rest_route=%2Fwp%2Fv2%2Fmedia&parent=461"}],"curies":[{"name":"wp","href":"https:\/\/api.w.org\/{rel}","templated":true}]}}